hat are the prime factors of 18232?
2, 43, 53
What are the prime factors of 975?
3, 5, 13
What are the prime factors of 1302?
2, 3, 7, 31
What are the prime factors of 18559?
67, 277
List the prime factors of 5183.
71, 73
List the prime factors of 1574.
2, 787
List the prime factors of 18164.
2, 19, 239
What are the prime factors of 2290?
2, 5, 229
What are the prime factors of 30809?
30809
What are the prime factors of 9170?
2, 5, 7, 131
What are the prime factors of 1878?
2, 3, 313
List the prime factors of 1460.
2, 5, 73
What are the prime factors of 8415?
3, 5, 11, 17
What are the prime factors of 511?
7, 73
List the prime factors of 216.
2, 3
List the prime factors of 678.
2, 3, 113
What are the prime factors of 85364?
2, 21341
List the prime factors of 4678.
2, 2339
What are the prime factors of 5103?
3, 7
List the prime factors of 1398.
2, 3, 233
List the prime factors of 33882.
2, 3, 5647
What are the prime factors of 1496?
2, 11, 17
What are the prime factors of 2605?
5, 521
List the prime factors of 735.
3, 5, 7
List the prime factors of 11230.
2, 5, 1123
What are the prime factors of 915?
3, 5, 61
What are the prime factors of 2181?
3, 727
List the prime factors of 1522.
2, 761
List the prime factors of 3829.
7, 547
What are the prime factors of 685?
5, 137
What are the prime factors of 1853?
17, 109
List the prime factors of 3032.
2, 379
List the prime factors of 48190.
2, 5, 61, 79
List the prime factors of 1375.
5, 11
List the prime factors of 5359.
23, 233
List the prime factors of 7235.
5, 1447
What are the prime factors of 86338?
2, 7, 881
What are the prime factors of 2852?
2, 23, 31
List the prime factors of 117641.
47, 2503
What are the prime factors of 28663?
28663
List the prime factors of 105265.
5, 37, 569
List the prime factors of 15348.
2, 3, 1279
What are the prime factors of 1328?
2, 83
List the prime factors of 3612.
2, 3, 7, 43
List the prime factors of 17565.
3, 5, 1171
What are the prime factors of 2067?
3, 13, 53
What are the prime factors of 2691?
3, 13, 23
List the prime factors of 705.
3, 5, 47
What are the prime factors of 60825?
3, 5, 811
List the prime factors of 3236.
2, 809
List the prime factors of 1021.
1021
What are the prime factors of 4527?
3, 503
What are the prime factors of 2145?
3, 5, 11, 13
List the prime factors of 16723.
7, 2389
List the prime factors of 15065.
5, 23, 131
List the prime factors of 49466.
2, 24733
What are the prime factors of 10291?
41, 251
What are the prime factors of 153801?
3, 23, 743
What are the prime factors of 7820?
2, 5, 17, 23
What are the prime factors of 843?
3, 281
List the prime factors of 731.
17, 43
What are the prime factors of 2224?
2, 139
What are the prime factors of 584?
2, 73
List the prime factors of 39443.
39443
List the prime factors of 17.
17
What are the prime factors of 1107?
3, 41
What are the prime factors of 5214?
2, 3, 11, 79
List the prime factors of 19660.
2, 5, 983
List the prime factors of 7261.
53, 137
What are the prime factors of 17675?
5, 7, 101
List the prime factors of 22172.
2, 23, 241
What are the prime factors of 6344?
2, 13, 61
What are the prime factors of 5273?
5273
What are the prime factors of 33?
3, 11
What are the prime factors of 42614?
2, 11, 13, 149
What are the prime factors of 30643?
30643
List the prime factors of 15908.
2, 41, 97
List the prime factors of 5647.
5647
What are the prime factors of 3684?
2, 3, 307
List the prime factors of 98041.
98041
List the prime factors of 3894.
2, 3, 11, 59
List the prime factors of 1004.
2, 251
List the prime factors of 471.
3, 157
List the prime factors of 25182.
2, 3, 1399
List the prime factors of 73750.
2, 5, 59
List the prime factors of 80366.
2, 11, 13, 281
List the prime factors of 2109.
3, 19, 37
List the prime factors of 17173.
13, 1321
What are the prime factors of 1174?
2, 587
List the prime factors of 372.
2, 3, 31
What are the prime factors of 1435?
5, 7, 41
List the prime factors of 33645.
3, 5, 2243
What are the prime factors of 4097?
17, 241
List the prime factors of 14782.
2, 19, 389
List the prime factors of 13712.
2, 857
What are the prime factors of 19599?
3, 47, 139
List the prime factors of 2268.
2, 3, 7
What are the prime factors of 1550?
2, 5, 31
List the prime factors of 1464.
2, 3, 61
What are the prime factors of 2801?
2801
List the prime factors of 505.
5, 101
List the prime factors of 577.
577
What are the prime factors of 37471?
7, 53, 101
List the prime factors of 51551.
51551
What are the prime factors of 1180?
2, 5, 59
What are the prime factors of 1196?
2, 13, 23
What are the prime factors of 3363?
3, 19, 59
What are the prime factors of 2147?
19, 113
List the prime factors of 5154.
2, 3, 859
List the prime factors of 68.
2, 17
List the prime factors of 30501.
3, 3389
List the prime factors of 13950.
2, 3, 5, 31
List the prime factors of 20918.
2, 10459
What are the prime factors of 11315?
5, 31, 73
List the prime factors of 1836.
2, 3, 17
List the prime factors of 41.
41
List the prime factors of 13496.
2, 7, 241
What are the prime factors of 201?
3, 67
What are the prime factors of 301?
7, 43
What are the prime factors of 2471?
7, 353
List the prime factors of 1088.
2, 17
What are the prime factors of 2861?
2861
What are the prime factors of 157?
157
List the prime factors of 987.
3, 7, 47
List the prime factors of 8440.
2, 5, 211
What are the prime factors of 631?
631
List the prime factors of 13653.
3, 37, 41
List the prime factors of 11590.
2, 5, 19, 61
List the prime factors of 179105.
5, 113, 317
What are the prime factors of 3020?
2, 5, 151
List the prime factors of 22894.
2, 11447
List the prime factors of 9279.
3, 1031
What are the prime factors of 620?
2, 5, 31
What are the prime factors of 577?
577
What are the prime factors of 13016?
2, 1627
List the prime factors of 1466.
2, 733
List the prime factors of 6787.
11, 617
What are the prime factors of 166?
2, 83
What are the prime factors of 6543?
3, 727
What are the prime factors of 78159?
3, 26053
What are the prime factors of 4726?
2, 17, 139
List the prime factors of 8652.
2, 3, 7, 103
List the prime factors of 10184.
2, 19, 67
List the prime factors of 1669.
1669
What are the prime factors of 108?
2, 3
What are the prime factors of 17991?
3, 1999
What are the prime factors of 55592?
2, 6949
What are the prime factors of 6786?
2, 3, 13, 29
List the prime factors of 1581.
3, 17, 31
What are the prime factors of 73342?
2, 36671
List the prime factors of 18359.
11, 1669
List the prime factors of 65101.
65101
List the prime factors of 28192.
2, 881
List the prime factors of 1071.
3, 7, 17
List the prime factors of 2309.
2309
What are the prime factors of 39?
3, 13
List the prime factors of 34213.
34213
What are the prime factors of 26654?
2, 13327
What are the prime factors of 44802?
2, 3, 19, 131
What are the prime factors of 4814?
2, 29, 83
What are the prime factors of 9?
3
What are the prime factors of 1038?
2, 3, 173
List the prime factors of 5427.
3, 67
List the prime factors of 5496.
2, 3, 229
List the prime factors of 33599.
33599
What are the prime factors of 6233?
23, 271
What are the prime factors of 10898?
2, 5449
List the prime factors of 5150.
2, 5, 103
List the prime factors of 8098.
2, 4049
What are the prime factors of 21454?
2, 17, 631
What are the prime factors of 6708?
2, 3, 13, 43
What are the prime factors of 717?
3, 239
List the prime factors of 311.
311
What are the prime factors of 4901?
13, 29
What are the prime factors of 22814?
2, 11, 17, 61
What are the prime factors of 3759?
3, 7, 179
What are the prime factors of 4193?
7, 599
What are the prime factors of 28193?
11, 233
What are the prime factors of 41010?
2, 3, 5, 1367
What are the prime factors of 1751?
17, 103
List the prime factors of 2695.
5, 7, 11
What are the prime factors of 20966?
2, 11, 953
List the prime factors of 1039.
1039
What are the prime factors of 9145?
5, 31, 59
What are the prime factors of 39414?
2, 3, 6569
List the prime factors of 680.
2, 5, 17
What are the prime factors of 441?
3, 7
What are the prime factors of 305?
5, 61
What are the prime factors of 2838?
2, 3, 11, 43
List the prime factors of 2851.
2851
What are the prime factors of 1319?
1319
List the prime factors of 127